38. What are the prime factors of m?
2, 3
Suppose 4*i = -5*i. Suppose i = -j + 5*a + 1, -3*j + 5*j - a = 29. List the prime factors of j.
2
Suppose -3*p + 2*k = 0, k - 1 = 2. Suppose -3*v = 5*m - 25, p*v = 5*v - 15. Suppose -5*o + 3*a - 4 = -116, -68 = -3*o + m*a. What are the prime factors of o?
2, 5
Suppose 3*l - 12 = -3. Suppose 5*t + 4*g - 45 = 0, 0 = -0*g - l*g + 15. Suppose -2*x + 3*x - 3*i - 17 = 0, t*i = -3*x + 51. What are the prime factors of x?
17
Suppose -6*p = -4*p - 10. Suppose p*r - 144 - 144 = -2*c, 3*c - 12 = 0. List the prime factors of r.
2, 7
Let c(z) be the third derivative of 11*z**5/60 - z**3/2 + 2*z**2. What are the prime factors of c(3)?
2, 3
Let l(d) = -3*d**3 - 9*d**2 - 17*d. List the prime factors of l(-4).
2, 29
Let s(d) = -d**3 + 2*d**2 + 2*d - 2. Let c be s(2). Suppose 3*h = c*h + 17. List the prime factors of h.
17
Suppose -2*l + 0*l - 5*w = 26, 3*w - 13 = l. Let a = 13 + l. What are the prime factors of 2 - 12*(-2 + a)?
2, 13
Suppose -2*u = -5*u + 18. Let d be 4*10/3*36/10. Suppose -u*x + 7*x = d. What are the prime factors of x?
2, 3
Let q(r) be the third derivative of r**6/120 + 19*r**5/60 + 17*r**4/12 + 5*r**3/6 - 46*r**2. What are the prime factors of q(-17)?
5
Suppose -f - 9 = -15. List the prime factors of (-272)/f*12/(-8).
2, 17
Let y(i) = 4*i**2 + 14*i + 10. Let h be y(-5). Let k = h - 9. List the prime factors of k.
31
Suppose -3*p + 611 = -5*i - 666, 5*i + 1253 = -3*p. Let a = i - -426. List the prime factors of a.
173
Let f(p) = 8*p - 2. Let y be f(1). Suppose -y*a + 102 = -3*a. Suppose a + 18 = 4*x. List the prime factors of x.
13
Let z(q) = -q**3 - 26*q**2 - 58*q - 65. What are the prime factors of z(-27)?
2, 5, 223
Suppose 3*k = 4*h + 96 + 562, -3*k + h = -673. Let f = k - 79. List the prime factors of f.
3, 7
Suppose 134 = 14*g - 6. List the prime factors of g.
2, 5
Suppose 4*z - 28 = -2*c, 5*c + 3 = -2*z + 33. Suppose 381 = 2*t - f + c*f, 3*t = 5*f + 543. What are the prime factors of t?
2, 3, 31
Let k(l) = -l**2 - 28*l - 25. List the prime factors of k(-7).
2, 61
What are the prime factors of 29070/105 - 2/(-14)?
277
Let m(o) = o - 13. Let q be m(-9). Let w(j) = -j**3 - 23*j**2 - 28*j - 44. List the prime factors of w(q).
2, 11
Let p(v) = -4*v - 3*v**2 + 93*v**3 + 2*v**2 + 4*v + v. List the prime factors of p(1).
3, 31
Let b = -607 + 723. What are the prime factors of b?
2, 29
Let j(o) = 5*o**2 + 111. List the prime factors of j(-9).
2, 3, 43
Let n(w) = 3*w**2 - 8*w + 3. What are the prime factors of n(-8)?
7, 37
Suppose 3*n - 2*l + 2 = -4, 0 = 4*n - l + 3. Suppose 2*q + n*q + 2*v = 498, 0 = 4*q - 5*v - 960. What are the prime factors of q?
5, 7
Let v be (-2)/(((-64)/12)/8). Let f(h) = -20*h - 2. Let p(t) = 30*t + 3. Let w(s) = -8*f(s) - 5*p(s). What are the prime factors of w(v)?
31
Suppose 189 = h + 2*h. List the prime factors of h.
3, 7
Suppose 122*o - 19432 = 115*o. List the prime factors of o.
2, 347
Suppose 0 = -2*s - 6*r + 3*r - 86, 3*r + 206 = -5*s. Let o = s - -57. Let c = -10 + o. What are the prime factors of c?
7
Suppose 14386 = 6*w - 2*c, -5*w = 4*c - 10800 - 1211. What are the prime factors of w?
2399
Let s(w) = -w**3 - 11*w**2 + 2*w - 14. Let g be s(-12). Let c = g - 46. Suppose 3*l = 8*l - n - c, 3*n = -4*l + 67. What are the prime factors of l?
13
Suppose 0 = -0*x + 12*x - 24. Suppose x*a = -6*a + 128. List the prime factors of a.
2
Suppose 0 = 4*r - 37 + 357. Let m = r + 148. What are the prime factors of m?
2, 17
Let k(q) = -3*q**2 - q. Let x be k(0). Suppose -5*m + 1240 = -4*b - x*b, -4*m + b + 1003 = 0. What are the prime factors of m?
2, 3, 7
Let y = -36 - -36. Suppose 0 = 13*v - y*v - 884. What are the prime factors of v?
2, 17
Let m(y) = 11*y**2 - 3*y + 1. Let g be m(-3). What are the prime factors of (g/(-2))/(2/8*-2)?
109
Let i be (-8)/28 - (-2)/7. Suppose i = -4*w + 34 - 150. Let m = w + 50. List the prime factors of m.
3, 7
Let w(y) = -2*y - 7. Let f be w(-6). What are the prime factors of (10/(-3))/(f/(-105))?
2, 5, 7
Let f(v) = 11*v**2 + 2*v + 34. What are the prime factors of f(5)?
11, 29
Let x = 46 + -19. Suppose 9 + x = 4*y + 4*s, 0 = 5*y - 5*s - 75. Suppose -8*t - y = -9*t. List the prime factors of t.
2, 3
Let n(y) = -y**3 - 6*y**2 + 5*y - 6. Let z be ((-18)/27)/(2/(-6)). Suppose -z*u + 0*u = 14. List the prime factors of n(u).
2
Suppose -2*f - 4*r + 10 = 0, f - 7 = -3*r + 3. Let z(i) = i**2 - 8*i + 6. Let l(v) = v**2 - 7*v + 6. Let a(j) = f*z(j) + 6*l(j). List the prime factors of a(6).
2, 3, 5
What are the prime factors of (528/308)/((-650)/651 - -1)?
2, 3, 31
Let j be (-16)/(-4) + (-8 - -6). Let p(t) = 9*t**3 - 2*t**2 + 3*t - 5. List the prime factors of p(j).
5, 13
List the prime factors of 702 + -1*(-21)/(-7) + 3.
2, 3, 13
Suppose 2*w - 2604 = 7*n - 8*n, w = 4*n + 1293. List the prime factors of w.
1301
Let h(u) = 8*u. Let v be h(2). Suppose 2*y = c - 73, v = 3*c - y - 228. What are the prime factors of c?
83
Suppose -4 = 6*l - 4*l, -2*g - 4*l - 12 = 0. List the prime factors of (4 + 252/(-8))*g.
5, 11
Let j(w) = w**3 - 3*w**2 - 4*w + 7. Let m = -2 + 7. Let n be j(m). Suppose 3*q - 26 = -2*v, n - 10 = v - 2*q. List the prime factors of v.
19
Let r(s) = 7*s - 2*s**2 + 10*s**2 + 1 - 6 - s**3. Suppose 42 = 4*x + 10. List the prime factors of r(x).
3, 17
Suppose 3*y = 217 + 416. What are the prime factors of y?
211
Let a(w) = -3*w**3 - 3*w**2. Let y be a(-3). Let f = y + 6. What are the prime factors of f?
2, 3, 5
Let w(u) = u**2 + 6*u + 3. Let y be w(-6). Suppose -y*q + 4 = -2*q. Suppose 4*g - 100 = -5*r + 55, -3*r + 149 = q*g. What are the prime factors of g?
5, 7
Suppose -4*m = 20 - 4. Let r be m + (3 - 26) + 3. Let p = r + 77. What are the prime factors of p?
53
Let o(u) = -29*u - 38. Let a be o(-7). Let m = 327 - a. List the prime factors of m.
2, 3
Let d(g) = 2*g + 4. Let v be d(-2). What are the prime factors of (-4 + 8 - v) + -1?
3
Let x(p) = 14*p - 1. Let w(r) = -r**2 + 14*r + 1. Suppose -5*d + 4*d = -14. Let q be w(d). List the prime factors of x(q).
13
Suppose 198 = -3*r + 5*q + 685, -308 = -2*r - 5*q. List the prime factors of r.
3, 53
Let s = 13 - 8. Suppose 0 = -s*g + 3*g. Suppose g*k - k + 27 = 0. List the prime factors of k.
3
What are the prime factors of 3 + (-75)/20 - 8685/(-12)?
3, 241
Suppose -11*d - 5*i = -13*d + 3667, -3670 = -2*d + 4*i. List the prime factors of d.
7, 263
Let s be (-3)/(1/(10/(-6))). Suppose 3 = h - s. What are the prime factors of 389/h - 6/(-16)?
7
Suppose -2*z = 0, 72*x - 75*x + z = -4155. What are the prime factors of x?
5, 277
Suppose 5*m - 3*y - 1552 = 0, -5*m - 4*y + 937 = -2*m. What are the prime factors of m?
311
Let d(f) = -10*f + 3 - f**2 + 2*f**2 - 1. Let s be d(10). What are the prime factors of (-4)/(-8)*s*37?
37
Let y = 44 - 54. Let z(d) = 2*d**2 + 15*d + 1. What are the prime factors of z(y)?
3, 17
Let h(m) = -m**3 + 33*m**2 + 107*m - 53. List the prime factors of h(30).
5857
Let u(g) = -g**2 - 3*g + 2. Let k be (-18)/24 + 18/(-8). Let v be u(k). Suppose -18 = v*r - 5*r. List the prime factors of r.
2, 3
Let z(k) = 13*k + 10*k - 5*k. Suppose -4*r = -w + 2*w - 4, -5*r - w = -6. What are the prime factors of z(r)?
2, 3
Let m(d) = -75*d**3 - d**2 + d. Let q be m(1). Let t be q/10*(-8)/10. List the prime factors of 1242/(-72)*(-16)/t.
2, 23
Let j be (2 + 36)*16/4*4. Suppose -4*x + 4*l + 204 = -276, 3*l - j = -5*x. What are the prime factors of x?
11
Suppose 4*b = -n + 631, -4*n + 1851 = -n - 2*b. What are the prime factors of n?
619
Let t be 3/(-5) + ((-1254)/5)/(-3). Suppose -23 = -o + t. List the prime factors of o.
2, 53
Suppose 0 - 6 = -3*x. Suppose -380 = -x*a + 2*o, -4*a - 4*o = 236 - 1036. List the prime factors of a.
3, 5, 13
Suppose -4*m - 9 = -1. Let q be ((-88)/110)/(m/(-10)). List the prime factors of (399/76)/((-1)/q).
3, 7
Suppose -2 = -4*o + 10. Suppose 6*m - 2*m = -3*q + 146, -174 = -o*q + 3*m. Suppose y + 3 - q = 0. What are the prime factors of y?
3, 17
Suppose 2*n - 6 = 5*n, 11267 = 3*u - 4*n. List the prime factors of u.
3, 139
Suppose -2*j - 5*s = -672, 5*j + 3*s - 1718 = -0*s. Suppose 7*d - 5*f - 310 = 2*d, -5*d + j = 4*f. List the prime factors of d.
2, 3, 11
Suppose 8*p - 5101 + 573 = 0. What are the prime factors of p?
2, 283
Let x = -4 + 6. Let t(b) be the second derivative of